{"id":24849,"date":"2026-07-14T10:23:59","date_gmt":"2026-07-14T08:23:59","guid":{"rendered":"https:\/\/vss-unes.ch\/ausschreibungen\/appel-a-candidatures-a-la-copresidence-du-conseil-des-sections\/"},"modified":"2026-07-14T10:23:59","modified_gmt":"2026-07-14T08:23:59","slug":"appel-a-candidatures-a-la-copresidence-du-conseil-des-sections","status":"publish","type":"ausschreibungen","link":"https:\/\/vss-unes.ch\/fr\/ausschreibungen\/appel-a-candidatures-a-la-copresidence-du-conseil-des-sections\/","title":{"rendered":"Appel \u00e0 candidatures \u00e0 la copr\u00e9sidence du Conseil des sections"},"content":{"rendered":"","protected":false},"template":"","meta":{"inline_featured_image":false,"_EventAllDay":false,"_EventTimezone":"","_EventStartDate":"","_EventEndDate":"","_EventStartDateUTC":"","_EventEndDateUTC":"","_EventShowMap":false,"_EventShowMapLink":false,"_EventURL":"","_EventCost":"","_EventCostDescription":"","_EventCurrencySymbol":"","_EventCurrencyCode":"","_EventCurrencyPosition":"","_EventDateTimeSeparator":"","_EventTimeRangeSeparator":"","_EventOrganizerID":[],"_EventVenueID":[],"_OrganizerEmail":"","_OrganizerPhone":"","_OrganizerWebsite":"","_VenueAddress":"","_VenueCity":"","_VenueCountry":"","_VenueProvince":"","_VenueState":"","_VenueZip":"","_VenuePhone":"","_VenueURL":"","_VenueStateProvince":"","_VenueLat":"","_VenueLng":"","_VenueShowMap":false,"_VenueShowMapLink":false,"_links_to":"","_links_to_target":""},"class_list":["post-24849","ausschreibungen","type-ausschreibungen","status-publish","hentry"],"_links":{"self":[{"href":"https:\/\/vss-unes.ch\/fr\/wp-json\/wp\/v2\/ausschreibungen\/24849","targetHints":{"allow":["GET"]}}],"collection":[{"href":"https:\/\/vss-unes.ch\/fr\/wp-json\/wp\/v2\/ausschreibungen"}],"about":[{"href":"https:\/\/vss-unes.ch\/fr\/wp-json\/wp\/v2\/types\/ausschreibungen"}],"wp:attachment":[{"href":"https:\/\/vss-unes.ch\/fr\/wp-json\/wp\/v2\/media?parent=24849"}],"curies":[{"name":"wp","href":"https:\/\/api.w.org\/{rel}","templated":true}]}}

Appel à candidatures à la coprésidence du Conseil des sections
