{"id":4989,"date":"2024-07-18T08:33:13","date_gmt":"2024-07-18T06:33:13","guid":{"rendered":"https:\/\/vss.michaelschaedler.li\/themen\/miglioramento-della-situazione-economica-e-sociale-degli-studenti-e-delle-studentesse\/"},"modified":"2025-07-02T14:10:36","modified_gmt":"2025-07-02T12:10:36","slug":"miglioramento-della-situazione-economica-e-sociale-degli-studenti-e-delle-studentesse","status":"publish","type":"themen","link":"https:\/\/vss-unes.ch\/it\/themen\/miglioramento-della-situazione-economica-e-sociale-degli-studenti-e-delle-studentesse\/","title":{"rendered":"Miglioramento della situazione economica e sociale degli studenti e delle studentesse"},"content":{"rendered":"\n<ul class=\"wp-block-list\">\n<li>L&#8217;accesso alla formazione superiore deve essere garantito agli studenti e alle studentesse indipendentemente dalla loro situazione sociale ed economica.<\/li>\n\n\n\n<li>L&#8217;USU si impegna a favore di un maggior numero di alloggi per studenti e studentesse a prezzi accessibili.<\/li>\n\n\n\n<li>L&#8217;USU si impegna politicamente a tutti i livelli per aumentare gli importi base delle borse di studio, imporre il concordato sulle borse di studio in tutti i cantoni e migliorare l&#8217;accesso alle borse di studio riducendo gli ostacoli.<\/li>\n\n\n\n<li>La salute mentale degli studenti e delle studentesse deve essere rafforzata e protetta con misure preventive a livello sistemico. L&#8217;USU si impegna in particolare a livello politico (universitario) per l&#8217;attuazione di tali misure. <\/li>\n\n\n\n<li>L&#8217;USU si impegna a favore di una migliore mobilit\u00e0 e di buoni di mobilit\u00e0 per gli studenti e le studentesse, che devono essere finanziati dalla collettivit\u00e0 pubblica.<\/li>\n\n\n\n<li>Un utilizzo mirato dell&#8217;insegnamento digitale che tenga conto delle pari opportunit\u00e0 rimane per l&#8217;USU un tema centrale al fine di facilitare la vita quotidiana degli studenti e delle studentesse.<\/li>\n<\/ul>\n","protected":false},"excerpt":{"rendered":"","protected":false},"featured_media":3191,"template":"","meta":{"_acf_changed":false,"inline_featured_image":false,"_EventAllDay":false,"_EventTimezone":"","_EventStartDate":"","_EventEndDate":"","_EventStartDateUTC":"","_EventEndDateUTC":"","_EventShowMap":false,"_EventShowMapLink":false,"_EventURL":"","_EventCost":"","_EventCostDescription":"","_EventCurrencySymbol":"","_EventCurrencyCode":"","_EventCurrencyPosition":"","_EventDateTimeSeparator":"","_EventTimeRangeSeparator":"","_EventOrganizerID":[],"_EventVenueID":[],"_OrganizerEmail":"","_OrganizerPhone":"","_OrganizerWebsite":"","_VenueAddress":"","_VenueCity":"","_VenueCountry":"","_VenueProvince":"","_VenueState":"","_VenueZip":"","_VenuePhone":"","_VenueURL":"","_VenueStateProvince":"","_VenueLat":"","_VenueLng":"","_VenueShowMap":false,"_VenueShowMapLink":false,"_links_to":"","_links_to_target":""},"topic-priorities":[86],"class_list":["post-4989","themen","type-themen","status-publish","has-post-thumbnail","hentry","topic-priorities-priorita-tematiche-2023-2027"],"acf":[],"_links":{"self":[{"href":"https:\/\/vss-unes.ch\/it\/wp-json\/wp\/v2\/themen\/4989","targetHints":{"allow":["GET"]}}],"collection":[{"href":"https:\/\/vss-unes.ch\/it\/wp-json\/wp\/v2\/themen"}],"about":[{"href":"https:\/\/vss-unes.ch\/it\/wp-json\/wp\/v2\/types\/themen"}],"wp:featuredmedia":[{"embeddable":true,"href":"https:\/\/vss-unes.ch\/it\/wp-json\/wp\/v2\/media\/3191"}],"wp:attachment":[{"href":"https:\/\/vss-unes.ch\/it\/wp-json\/wp\/v2\/media?parent=4989"}],"wp:term":[{"taxonomy":"topic-priorities","embeddable":true,"href":"https:\/\/vss-unes.ch\/it\/wp-json\/wp\/v2\/topic-priorities?post=4989"}],"curies":[{"name":"wp","href":"https:\/\/api.w.org\/{rel}","templated":true}]}}

<ul class="wp-block-list">
<li>L&#8217;accesso alla formazione superiore deve essere garantito agli studenti e alle studentesse indipendentemente dalla loro situazione sociale ed economica.</li>



<li>L&#8217;USU si impegna a favore di un maggior numero di alloggi per studenti e studentesse a prezzi accessibili.</li>



<li>L&#8217;USU si impegna politicamente a tutti i livelli per aumentare gli importi base delle borse di studio, imporre il concordato sulle borse di studio in tutti i cantoni e migliorare l&#8217;accesso alle borse di studio riducendo gli ostacoli.</li>



<li>La salute mentale degli studenti e delle studentesse deve essere rafforzata e protetta con misure preventive a livello sistemico. L&#8217;USU si impegna in particolare a livello politico (universitario) per l&#8217;attuazione di tali misure. </li>



<li>L&#8217;USU si impegna a favore di una migliore mobilità e di buoni di mobilità per gli studenti e le studentesse, che devono essere finanziati dalla collettività pubblica.</li>



<li>Un utilizzo mirato dell&#8217;insegnamento digitale che tenga conto delle pari opportunità rimane per l&#8217;USU un tema centrale al fine di facilitare la vita quotidiana degli studenti e delle studentesse.</li>
</ul>
